{"id":60,"date":"2026-02-09T16:10:44","date_gmt":"2026-02-09T16:10:44","guid":{"rendered":"https:\/\/sembrar-systems.cth24.de\/?page_id=60"},"modified":"2026-02-19T08:23:56","modified_gmt":"2026-02-19T08:23:56","slug":"front_page","status":"publish","type":"page","link":"https:\/\/sembrar-systems.cth24.de\/","title":{"rendered":"Startseite"},"content":{"rendered":"\n<div class=\"wp-block-cover alignfull has-parallax wp-duotone-unset-1\" style=\"margin-top:0;padding-top:5vw;padding-right:5vw;padding-bottom:5vw;padding-left:5vw;min-height:805px;aspect-ratio:unset;\"><div role=\"img\" aria-label=\"Kleine Pflanzen nebeneinander, die im Sonnenstrahl heranwachsen\" class=\"wp-block-cover__image-background wp-image-152 size-large has-parallax\" style=\"background-position:50% 50%;background-image:url(https:\/\/sembrar-systems.cth24.de\/wp-content\/uploads\/2026\/02\/Growth_Sembrar_Systems-1024x576.webp)\"><\/div><span aria-hidden=\"true\" class=\"wp-block-cover__background has-palette-color-8-background-color has-background-dim-30 has-background-dim\"><\/span><div class=\"wp-block-cover__inner-container is-layout-flow wp-block-cover-is-layout-flow\">\n<div class=\"wp-block-group is-vertical is-content-justification-center is-nowrap is-layout-flex wp-container-core-group-is-layout-b77dfac5 wp-block-group-is-layout-flex\">\n<blockquote class=\"wp-block-quote is-style-plain is-layout-flow wp-block-quote-is-layout-flow\">\n<p class=\"has-palette-color-7-color has-text-color has-background has-link-color has-large-font-size wp-elements-0f93da5ce2e0b4c89c8b607fc55180d6\" style=\"background-color:#eb981342\">Wir schaffen eine Arbeitswelt, in der Du <strong><mark style=\"background-color:rgba(0, 0, 0, 0)\" class=\"has-inline-color has-palette-color-1-color\">Digitalisierung als Entlastung und Wachstumstreiber<\/mark><\/strong> erlebst.<br><br>Wir bauen digitale Strategien und Systeme, die <strong><mark style=\"background-color:rgba(0, 0, 0, 0)\" class=\"has-inline-color has-palette-color-1-color\">Freiraum<\/mark><\/strong> f\u00fcr das Wesentliche <strong><mark style=\"background-color:rgba(0, 0, 0, 0)\" class=\"has-inline-color has-palette-color-1-color\">schaffen<\/mark><\/strong>.<\/p>\n<\/blockquote>\n<\/div>\n\n\n\n<div style=\"height:69px\" aria-hidden=\"true\" class=\"wp-block-spacer\"><\/div>\n\n\n\n<div class=\"wp-block-buttons is-content-justification-right is-layout-flex wp-container-core-buttons-is-layout-d445cf74 wp-block-buttons-is-layout-flex\">\n<div class=\"wp-block-button\"><a class=\"wp-block-button__link wp-element-button\" style=\"border-style:none;border-width:0px;border-top-left-radius:10px;border-top-right-radius:10px;border-bottom-left-radius:10px;border-bottom-right-radius:10px\">Jetzt beraten lassen<\/a><\/div>\n<\/div>\n<\/div><\/div>\n\n\n\n<div class=\"wp-block-group alignfull has-palette-color-3-background-color has-background is-layout-constrained wp-block-group-is-layout-constrained\" style=\"padding-top:7rem;padding-bottom:7rem\">\n<h1 class=\"wp-block-heading has-text-align-center has-black-color has-text-color has-link-color has-xx-large-font-size wp-elements-5e9e76c69eca0a38e9319c2abf1961a8\" style=\"margin-top:0;font-style:normal;font-weight:800;line-height:1.2\">Unsere Leistungen<\/h1>\n\n\n\n<p class=\"has-text-align-center has-black-color has-text-color has-link-color wp-elements-c55aa6f0897572d64feefc500130a088\" style=\"margin-bottom:var(--wp--preset--spacing--80)\">Wir unterst\u00fctzen Dich auf Deinem digitalen Weg.<\/p>\n\n\n\n<div class=\"wp-block-columns is-layout-flex wp-container-core-columns-is-layout-643ced6b wp-block-columns-is-layout-flex\">\n<div class=\"wp-block-column has-palette-color-5-background-color has-background is-layout-flow wp-block-column-is-layout-flow\" style=\"border-radius:20px;padding-top:var(--wp--preset--spacing--70);padding-right:var(--wp--preset--spacing--70);padding-bottom:var(--wp--preset--spacing--70);padding-left:var(--wp--preset--spacing--70)\">\n<h2 class=\"wp-block-heading has-text-align-center has-black-color has-text-color has-link-color wp-elements-9be0be10305b97112395a94601adb2a3\" style=\"margin-bottom:20px;font-size:clamp(16.293px, 1.018rem + ((1vw - 3.2px) * 0.68), 25px);\">Professional<\/h2>\n\n\n\n<p class=\"has-text-align-center has-black-color has-text-color has-link-color has-xx-large-font-size wp-elements-00cffdda2811fb015eae775900bab21c\" style=\"margin-bottom:20px;font-style:normal;font-weight:800;line-height:1\">$32<\/p>\n\n\n\n<p class=\"has-text-align-center has-black-color has-text-color has-link-color wp-elements-db13795ac417e339ba3f3dee52687de5\" style=\"border-bottom-color:#0000001f;border-bottom-style:solid;border-bottom-width:1px;margin-bottom:50px;padding-bottom:50px\">Lorem ipsum dolor sit amet consectetur adipiscing elitsed eiusmod.<\/p>\n\n\n\n<ul style=\"margin-bottom:50px\" class=\"wp-block-list has-black-color has-text-color has-link-color wp-elements-3969a94f1b16be8865fc5e962116096b\">\n<li>Elementum tempus egestas sed sed risus pretium quam.<br><\/li>\n\n\n\n<li>Vestibulum morbi blandit cursus risus aliquam ultrices sagittis.<br><\/li>\n\n\n\n<li>Augue mauris augue neque gravida in fermentum condimentum.<\/li>\n<\/ul>\n\n\n\n<div class=\"wp-block-buttons is-layout-flex wp-block-buttons-is-layout-flex\" style=\"margin-bottom:40px\">\n<div class=\"wp-block-button has-custom-width wp-block-button__width-100\"><a class=\"wp-block-button__link has-custom-font-size wp-element-button\" style=\"border-radius:8px;padding-top:15px;padding-bottom:15px;font-size:clamp(14px, 0.875rem + ((1vw - 3.2px) * 0.313), 18px);font-style:normal;font-weight:600\">Sign up now<\/a><\/div>\n<\/div>\n\n\n\n<p class=\"has-text-align-center has-black-color has-text-color has-link-color wp-elements-8d62508af3e2fe3f2368da48b84a0661\">Learn more<\/p>\n<\/div>\n\n\n\n<div class=\"wp-block-column has-border-color has-palette-color-8-background-color has-background is-layout-flow wp-block-column-is-layout-flow\" style=\"border-color:#0000001f;border-style:solid;border-width:1px;border-radius:20px;padding-top:var(--wp--preset--spacing--70);padding-right:var(--wp--preset--spacing--70);padding-bottom:var(--wp--preset--spacing--70);padding-left:var(--wp--preset--spacing--70)\">\n<h2 class=\"wp-block-heading has-text-align-center has-black-color has-text-color has-link-color wp-elements-458ba57a6a036b9accd5ea432b4bb106\" style=\"margin-bottom:20px;font-size:clamp(16.293px, 1.018rem + ((1vw - 3.2px) * 0.68), 25px);\">Digital-Strategie<\/h2>\n\n\n\n<figure class=\"wp-block-image aligncenter size-full is-resized\"><img loading=\"lazy\" decoding=\"async\" width=\"300\" height=\"300\" src=\"https:\/\/sembrar-systems.cth24.de\/wp-content\/uploads\/2026\/02\/SS-Strategie.webp\" alt=\"Puzzle mit Strategie in der Mitte mit gr\u00fcnem Hintergrund f\u00fcr Digitalstrategie\" class=\"wp-image-147\" style=\"width:272px;height:auto\" srcset=\"https:\/\/sembrar-systems.cth24.de\/wp-content\/uploads\/2026\/02\/SS-Strategie.webp 300w, https:\/\/sembrar-systems.cth24.de\/wp-content\/uploads\/2026\/02\/SS-Strategie-150x150.webp 150w\" sizes=\"auto, (max-width: 300px) 100vw, 300px\" \/><\/figure>\n\n\n\n<ul style=\"margin-bottom:50px\" class=\"wp-block-list has-black-color has-text-color has-link-color wp-elements-8a7a87604434fe018d3c4fd9aec1951a\">\n<li>Ist-Stand-Analyse<\/li>\n\n\n\n<li>Zielgruppenanalyse<\/li>\n\n\n\n<li>Einsatz passender Kan\u00e4le<\/li>\n\n\n\n<li>Ma\u00dfnahmen zur Sichtbarkeitssteigerung erkennen<\/li>\n\n\n\n<li>Bef\u00e4higung des Personals, Kan\u00e4le zu pflegen<\/li>\n<\/ul>\n\n\n\n<div class=\"wp-block-buttons is-layout-flex wp-block-buttons-is-layout-flex\" style=\"margin-bottom:40px\">\n<div class=\"wp-block-button has-custom-width wp-block-button__width-100\"><a class=\"wp-block-button__link has-custom-font-size wp-element-button\" style=\"border-radius:8px;padding-top:15px;padding-bottom:15px;font-size:clamp(14px, 0.875rem + ((1vw - 3.2px) * 0.313), 18px);font-style:normal;font-weight:600\">Anfrage stellen<\/a><\/div>\n<\/div>\n\n\n\n<p class=\"has-text-align-center has-black-color has-text-color has-link-color wp-elements-59a012ebb90af73337a6d0b3bce4a8da\">Mehr Informationen<\/p>\n<\/div>\n\n\n\n<div class=\"wp-block-column has-border-color has-palette-color-6-background-color has-background is-layout-flow wp-block-column-is-layout-flow\" style=\"border-color:#0000001f;border-style:solid;border-width:1px;border-radius:20px;padding-top:var(--wp--preset--spacing--70);padding-right:var(--wp--preset--spacing--70);padding-bottom:var(--wp--preset--spacing--70);padding-left:var(--wp--preset--spacing--70)\">\n<h2 class=\"wp-block-heading has-text-align-center has-black-color has-text-color has-link-color wp-elements-39f9829c37741fca22967a095ac3a6cc\" style=\"margin-bottom:20px;font-size:clamp(16.293px, 1.018rem + ((1vw - 3.2px) * 0.68), 25px);\">Prozessoptimierung &amp; Automatisierung<\/h2>\n\n\n\n\n\n<ul style=\"margin-bottom:50px\" class=\"wp-block-list has-black-color has-text-color has-link-color wp-elements-3969a94f1b16be8865fc5e962116096b\">\n<li>Elementum tempus egestas sed sed risus pretium quam.<br><\/li>\n\n\n\n<li>Vestibulum morbi blandit cursus risus aliquam ultrices sagittis.<br><\/li>\n\n\n\n<li>Augue mauris augue neque gravida in fermentum condimentum.<\/li>\n<\/ul>\n\n\n\n<div class=\"wp-block-buttons is-layout-flex wp-block-buttons-is-layout-flex\" style=\"margin-bottom:40px\">\n<div class=\"wp-block-button has-custom-width wp-block-button__width-100\"><a class=\"wp-block-button__link has-custom-font-size wp-element-button\" style=\"border-radius:8px;padding-top:15px;padding-bottom:15px;font-size:clamp(14px, 0.875rem + ((1vw - 3.2px) * 0.313), 18px);font-style:normal;font-weight:600\">Sign up now<\/a><\/div>\n<\/div>\n\n\n\n<p class=\"has-text-align-center has-black-color has-text-color has-link-color wp-elements-8d62508af3e2fe3f2368da48b84a0661\">Learn more<\/p>\n<\/div>\n<\/div>\n\n\n\n<p><\/p>\n<\/div>\n\n\n\n\n\n<div data-wp-context=\"{ &quot;autoclose&quot;: false, &quot;accordionItems&quot;: [] }\" data-wp-interactive=\"core\/accordion\" role=\"group\" class=\"wp-block-accordion is-layout-flow wp-block-accordion-is-layout-flow\">\n<div data-wp-class--is-open=\"state.isOpen\" data-wp-context=\"{ &quot;id&quot;: &quot;accordion-item-2&quot;, &quot;openByDefault&quot;: false }\" data-wp-init=\"callbacks.initAccordionItems\" data-wp-on-window--hashchange=\"callbacks.hashChange\" class=\"wp-block-accordion-item is-layout-flow wp-block-accordion-item-is-layout-flow\">\n<h3 class=\"wp-block-accordion-heading\"><button aria-expanded=\"false\" aria-controls=\"accordion-item-2-panel\" data-wp-bind--aria-expanded=\"state.isOpen\" data-wp-on--click=\"actions.toggle\" data-wp-on--keydown=\"actions.handleKeyDown\" id=\"accordion-item-2\" type=\"button\" class=\"wp-block-accordion-heading__toggle\"><span class=\"wp-block-accordion-heading__toggle-title\">Warum bieten wir nicht einfach Website-Aufbau oder Marketing an?<\/span><span class=\"wp-block-accordion-heading__toggle-icon\" aria-hidden=\"true\">+<\/span><\/button><\/h3>\n\n\n\n<div inert aria-labelledby=\"accordion-item-2\" data-wp-bind--inert=\"!state.isOpen\" id=\"accordion-item-2-panel\" role=\"region\" class=\"wp-block-accordion-panel is-layout-flow wp-block-accordion-panel-is-layout-flow\">\n<p>Jedes Unternehmen hat einzigartige Strukturen und Gegebenheiten. Die Erstellung einer Website oder die Umsetzung von Marketing sollten Unternehmen weiter bringen und nicht in ihrer t\u00e4glichen Arbeit behindern. Wir legen Wert darauf, die digitale Strategie an die Gegebenheiten anzupassen und ein nachhaltiges Konzept zu erstellen und umzusetzen.<\/p>\n<\/div>\n<\/div>\n\n\n\n<div data-wp-class--is-open=\"state.isOpen\" data-wp-context=\"{ &quot;id&quot;: &quot;accordion-item-3&quot;, &quot;openByDefault&quot;: false }\" data-wp-init=\"callbacks.initAccordionItems\" data-wp-on-window--hashchange=\"callbacks.hashChange\" class=\"wp-block-accordion-item is-layout-flow wp-block-accordion-item-is-layout-flow\">\n<h3 class=\"wp-block-accordion-heading\"><button aria-expanded=\"false\" aria-controls=\"accordion-item-3-panel\" data-wp-bind--aria-expanded=\"state.isOpen\" data-wp-on--click=\"actions.toggle\" data-wp-on--keydown=\"actions.handleKeyDown\" id=\"accordion-item-3\" type=\"button\" class=\"wp-block-accordion-heading__toggle\"><span class=\"wp-block-accordion-heading__toggle-title\">Wird die Pflege der Kan\u00e4le von Sembrar Systems \u00fcbernommen?<\/span><span class=\"wp-block-accordion-heading__toggle-icon\" aria-hidden=\"true\">+<\/span><\/button><\/h3>\n\n\n\n<div inert aria-labelledby=\"accordion-item-3\" data-wp-bind--inert=\"!state.isOpen\" id=\"accordion-item-3-panel\" role=\"region\" class=\"wp-block-accordion-panel is-layout-flow wp-block-accordion-panel-is-layout-flow\">\n<p>Wir unterst\u00fctzen Deine Projekte, soweit es n\u00f6tig ist. Selbstverst\u00e4ndlich bieten wir auch die Pflege der eingesetzten Kan\u00e4le an. Soweit Dein Personal aber Aufgaben selbst \u00fcbernehmen kann und m\u00f6chte, begleiten wir Dein Projekt, stehen als Ansprechpartner zur Verf\u00fcgung und schulen Mitarbeiter, um die Handlungsf\u00e4higkeit herzustellen. So kann Dein Unternehmen potenziell Kosten sparen.<\/p>\n<\/div>\n<\/div>\n<\/div>\n\n\n\n<div data-wp-context=\"{ &quot;autoclose&quot;: false, &quot;accordionItems&quot;: [] }\" data-wp-interactive=\"core\/accordion\" role=\"group\" class=\"wp-block-accordion is-layout-flow wp-block-accordion-is-layout-flow\">\n<div data-wp-class--is-open=\"state.isOpen\" data-wp-context=\"{ &quot;id&quot;: &quot;accordion-item-4&quot;, &quot;openByDefault&quot;: false }\" data-wp-init=\"callbacks.initAccordionItems\" data-wp-on-window--hashchange=\"callbacks.hashChange\" class=\"wp-block-accordion-item is-layout-flow wp-block-accordion-item-is-layout-flow\">\n<h3 class=\"wp-block-accordion-heading\"><button aria-expanded=\"false\" aria-controls=\"accordion-item-4-panel\" data-wp-bind--aria-expanded=\"state.isOpen\" data-wp-on--click=\"actions.toggle\" data-wp-on--keydown=\"actions.handleKeyDown\" id=\"accordion-item-4\" type=\"button\" class=\"wp-block-accordion-heading__toggle\"><span class=\"wp-block-accordion-heading__toggle-title\">Welche Marketingbudgets sind n\u00f6tig, um eine nachhaltige Online-Strategie aufzubauen?<\/span><span class=\"wp-block-accordion-heading__toggle-icon\" aria-hidden=\"true\">+<\/span><\/button><\/h3>\n\n\n\n<div inert aria-labelledby=\"accordion-item-4\" data-wp-bind--inert=\"!state.isOpen\" id=\"accordion-item-4-panel\" role=\"region\" class=\"wp-block-accordion-panel is-layout-flow wp-block-accordion-panel-is-layout-flow\">\n<p><br>Deine Ziele und Deine Ausgangslage ist entscheidend f\u00fcr die Planung von Marketingbudgets. Das Marketing soll den Umsatz erh\u00f6hen und sich refinanzieren. Die Planung des Invests ist am Ende stets abh\u00e4ngig von der individuellen Ausgangslage und den Marketingzielen. Grunds\u00e4tzlich empfehlen wir ausschlie\u00dflich Ma\u00dfnahmen, die im Kontext zu Deiner Firma Erfolg versprechen und im Rahmen der Unternehmensstrategie umsetzbar sind. Budgets legst Du fest!<\/p>\n<\/div>\n<\/div>\n<\/div>\n\n\n<div class=\"ct-block-wrapper\">\n\n<h3 class=\"wp-block-heading has-medium-font-size\">Dein direkter Draht zu uns:<\/h3>\n\n\n<div class=\"ct-contact-info-block \" style=\"--theme-icon-size:24px;--items-spacing:17px;--items-direction:column;--background-color:rgba(218, 222, 228, 0.5);--background-hover-color:rgba(218, 222, 228, 0.7);\">\n\t\t<ul data-icons-type=\"rounded:outline\">\n\t\t\t\t\t\t\t\t\t\t\t<li class=\"\">\n\t\t\t\t\t<a href=\"tel:+4915750176237\" class=\"ct-icon-container\" aria-label=\"Mobil\/Whatsapp +4915750176237\" rel=\"nofollow\"><svg width=\"18\" height=\"18\" viewBox=\"0 0 20 20\" aria-hidden=\"true\"><path d=\"M13.5,20H6.5c-1.6,0-2.9-1.3-2.9-2.9V2.9C3.5,1.3,4.8,0,6.5,0h7.1c1.6,0,2.9,1.3,2.9,2.9v14.1C16.5,18.7,15.2,20,13.5,20zM6.7,1.7C5.8,1.7,5,2.5,5,3.4v13.2c0,0.9,0.7,1.7,1.7,1.7h6.6c0.9,0,1.7-0.7,1.7-1.7V3.4c0-0.9-0.7-1.7-1.7-1.7H6.7z\"\/><path d=\"M11.2,4.4H8.8c-0.3,0-0.6-0.3-0.6-0.6s0.3-0.6,0.6-0.6h2.4c0.3,0,0.6,0.3,0.6,0.6S11.5,4.4,11.2,4.4z\"\/><circle cx=\"10\" cy=\"15.7\" r=\"1.2\"\/><\/svg><\/a>\n\t\t\t\t\t\t\t\t\t\t\t<div class=\"contact-info\">\n\t\t\t\t\t\t\t\t\t\t\t\t\t\t\t<span class=\"contact-title\">\n\t\t\t\t\t\t\t\t\tMobil\/Whatsapp\t\t\t\t\t\t\t\t<\/span>\n\t\t\t\t\t\t\t\n\t\t\t\t\t\t\t\t\t\t\t\t\t\t\t<span class=\"contact-text\">\n\t\t\t\t\t\t\t\t\t\t\t\t\t\t\t\t\t\t\t<a href=\"tel:+4915750176237\" rel=\"nofollow\">\n\t\t\t\t\t\t\t\t\t\n\t\t\t\t\t\t\t\t\t+4915750176237\n\t\t\t\t\t\t\t\t\t\t\t\t\t\t\t\t\t\t\t<\/a>\n\t\t\t\t\t\t\t\t\t\t\t\t\t\t\t\t\t<\/span>\n\t\t\t\t\t\t\t\t\t\t\t\t\t<\/div>\n\t\t\t\t\t\t\t\t\t<\/li>\n\t\t\t\t\t\t\t\t\t\t\t<li class=\"\">\n\t\t\t\t\t<a href=\"mailto:d&#101;&#115;&#105;re&#101;&#046;ho&#102;fm&#097;n&#110;&#064;&#115;e&#109;b&#114;&#097;&#114;&#045;sy&#115;t&#101;ms.&#101;&#115;\" class=\"ct-icon-container\" aria-label=\"E-Mail: &#100;e&#115;i&#114;e&#101;.&#104;&#111;&#102;fm&#097;&#110;n&#064;s&#101;&#109;&#098;ra&#114;&#045;&#115;y&#115;&#116;e&#109;&#115;.&#101;&#115;\" rel=\"nofollow\"><svg width=\"18\" height=\"18\" viewBox=\"0 0 20 20\" aria-hidden=\"true\"><path d=\"M10,0C4.5,0,0,4.5,0,10s4.5,10,10,10h5v-2h-5c-4.4,0-8-3.6-8-8s3.6-8,8-8s8,3.6,8,8v1.5c0,0.8-0.7,1.5-1.5,1.5S15,12.3,15,11.5V10c0-2.7-2.3-5-5-5s-5,2.3-5,5s2.3,5,5,5c1.4,0,2.7-0.6,3.6-1.6c0.6,0.9,1.7,1.6,2.9,1.6c1.9,0,3.5-1.6,3.5-3.5V10C20,4.5,15.5,0,10,0zM10,7c1.7,0,3,1.3,3,3s-1.3,3-3,3s-3-1.3-3-3S8.3,7,10,7z\"\/><\/svg><\/a>\n\t\t\t\t\t\t\t\t\t\t\t<div class=\"contact-info\">\n\t\t\t\t\t\t\t\t\t\t\t\t\t\t\t<span class=\"contact-title\">\n\t\t\t\t\t\t\t\t\tE-Mail:\t\t\t\t\t\t\t\t<\/span>\n\t\t\t\t\t\t\t\n\t\t\t\t\t\t\t\t\t\t\t\t\t\t\t<span class=\"contact-text\">\n\t\t\t\t\t\t\t\t\t\t\t\t\t\t\t\t\t\t\t<a href=\"mailto:d&#101;&#115;&#105;re&#101;&#046;ho&#102;fm&#097;n&#110;&#064;&#115;e&#109;b&#114;&#097;&#114;&#045;sy&#115;t&#101;ms.&#101;&#115;\" rel=\"nofollow\">\n\t\t\t\t\t\t\t\t\t\n\t\t\t\t\t\t\t\t\t&#100;e&#115;i&#114;e&#101;.&#104;&#111;&#102;fm&#97;&#110;n&#64;s&#101;&#109;&#98;ra&#114;&#45;&#115;y&#115;&#116;e&#109;&#115;.&#101;&#115;\n\t\t\t\t\t\t\t\t\t\t\t\t\t\t\t\t\t\t\t<\/a>\n\t\t\t\t\t\t\t\t\t\t\t\t\t\t\t\t\t<\/span>\n\t\t\t\t\t\t\t\t\t\t\t\t\t<\/div>\n\t\t\t\t\t\t\t\t\t<\/li>\n\t\t\t\t\t<\/ul>\n\n\t\t<\/div>\n<\/div>","protected":false},"excerpt":{"rendered":"<p>Unsere Leistungen Wir unterst\u00fctzen Dich auf Deinem digitalen Weg. Professional $32 Lorem ipsum dolor sit amet consectetur adipiscing elitsed eiusmod. Learn more Digital-Strategie Mehr Informationen Prozessoptimierung &amp; Automatisierung Learn more<\/p>\n","protected":false},"author":1,"featured_media":0,"parent":0,"menu_order":0,"comment_status":"closed","ping_status":"closed","template":"","meta":{"footnotes":""},"class_list":["post-60","page","type-page","status-publish","hentry"],"blocksy_meta":[],"_links":{"self":[{"href":"https:\/\/sembrar-systems.cth24.de\/index.php?rest_route=\/wp\/v2\/pages\/60","targetHints":{"allow":["GET"]}}],"collection":[{"href":"https:\/\/sembrar-systems.cth24.de\/index.php?rest_route=\/wp\/v2\/pages"}],"about":[{"href":"https:\/\/sembrar-systems.cth24.de\/index.php?rest_route=\/wp\/v2\/types\/page"}],"author":[{"embeddable":true,"href":"https:\/\/sembrar-systems.cth24.de\/index.php?rest_route=\/wp\/v2\/users\/1"}],"replies":[{"embeddable":true,"href":"https:\/\/sembrar-systems.cth24.de\/index.php?rest_route=%2Fwp%2Fv2%2Fcomments&post=60"}],"version-history":[{"count":17,"href":"https:\/\/sembrar-systems.cth24.de\/index.php?rest_route=\/wp\/v2\/pages\/60\/revisions"}],"predecessor-version":[{"id":170,"href":"https:\/\/sembrar-systems.cth24.de\/index.php?rest_route=\/wp\/v2\/pages\/60\/revisions\/170"}],"wp:attachment":[{"href":"https:\/\/sembrar-systems.cth24.de\/index.php?rest_route=%2Fwp%2Fv2%2Fmedia&parent=60"}],"curies":[{"name":"wp","href":"https:\/\/api.w.org\/{rel}","templated":true}]}}